e the remainder when 885 is divided by 189.
129
What is the remainder when 890 is divided by 14?
8
Calculate the remainder when 51 is divided by 48.
3
Calculate the remainder when 407 is divided by 83.
75
Calculate the remainder when 663 is divided by 169.
156
What is the remainder when 192 is divided by 14?
10
What is the remainder when 2992 is divided by 3?
1
Calculate the remainder when 140 is divided by 16.
12
Calculate the remainder when 909 is divided by 154.
139
What is the remainder when 57 is divided by 16?
9
Calculate the remainder when 227 is divided by 14.
3
Calculate the remainder when 402 is divided by 24.
18
Calculate the remainder when 682 is divided by 62.
0
What is the remainder when 2182 is divided by 36?
22
Calculate the remainder when 636 is divided by 32.
28
Calculate the remainder when 155 is divided by 50.
5
What is the remainder when 80 is divided by 10?
0
What is the remainder when 416 is divided by 30?
26
What is the remainder when 102 is divided by 8?
6
Calculate the remainder when 3983 is divided by 12.
11
What is the remainder when 414 is divided by 70?
64
What is the remainder when 5130 is divided by 1707?
9
What is the remainder when 4385 is divided by 337?
4
What is the remainder when 234 is divided by 5?
4
What is the remainder when 310 is divided by 54?
40
What is the remainder when 463 is divided by 58?
57
Calculate the remainder when 142 is divided by 75.
67
Calculate the remainder when 10135 is divided by 37.
34
Calculate the remainder when 1017 is divided by 25.
17
Calculate the remainder when 98 is divided by 61.
37
What is the remainder when 2955 is divided by 25?
5
What is the remainder when 263 is divided by 27?
20
Calculate the remainder when 186 is divided by 52.
30
What is the remainder when 4600 is divided by 7?
1
What is the remainder when 89 is divided by 20?
9
What is the remainder when 843 is divided by 228?
159
Calculate the remainder when 95 is divided by 28.
11
What is the remainder when 1330 is divided by 224?
210
What is the remainder when 319 is divided by 27?
22
What is the remainder when 1612 is divided by 805?
2
What is the remainder when 186 is divided by 38?
34
Calculate the remainder when 52 is divided by 8.
4
What is the remainder when 429 is divided by 88?
77
What is the remainder when 1574 is divided by 8?
6
What is the remainder when 965 is divided by 286?
107
What is the remainder when 189 is divided by 14?
7
Calculate the remainder when 338 is divided by 31.
28
Calculate the remainder when 106 is divided by 24.
10
What is the remainder when 123 is divided by 24?
3
What is the remainder when 82 is divided by 62?
20
What is the remainder when 7976 is divided by 35?
31
Calculate the remainder when 182 is divided by 16.
6
Calculate the remainder when 665 is divided by 98.
77
Calculate the remainder when 404 is divided by 121.
41
Calculate the remainder when 4847 is divided by 7.
3
Calculate the remainder when 304 is divided by 34.
32
What is the remainder when 133 is divided by 27?
25
What is the remainder when 173 is divided by 12?
5
What is the remainder when 1292 is divided by 322?
4
Calculate the remainder when 42 is divided by 7.
0
What is the remainder when 140 is divided by 16?
12
Calculate the remainder when 2644 is divided by 62.
40
Calculate the remainder when 2129 is divided by 12.
5
What is the remainder when 4161 is divided by 107?
95
Calculate the remainder when 3163 is divided by 33.
28
What is the remainder when 352 is divided by 71?
68
Calculate the remainder when 220 is divided by 32.
28
Calculate the remainder when 32 is divided by 24.
8
What is the remainder when 39 is divided by 10?
9
Calculate the remainder when 123 is divided by 55.
13
What is the remainder when 68 is divided by 14?
12
Calculate the remainder when 66 is divided by 30.
6
What is the remainder when 1232 is divided by 88?
0
What is the remainder when 102 is divided by 43?
16
Calculate the remainder when 1779 is divided by 54.
51
What is the remainder when 1320 is divided by 63?
60
Calculate the remainder when 97 is divided by 44.
9
What is the remainder when 574 is divided by 36?
34
What is the remainder when 1286 is divided by 161?
159
Calculate the remainder when 648 is divided by 31.
28
Calculate the remainder when 229 is divided by 36.
13
What is the remainder when 595 is divided by 152?
139
Calculate the remainder when 1891 is divided by 160.
131
Calculate the remainder when 159 is divided by 52.
3
Calculate the remainder when 49 is divided by 27.
22
What is the remainder when 18653 is divided by 12?
5
Calculate the remainder when 102 is divided by 52.
50
What is the remainder when 280 is divided by 3?
1
What is the remainder when 754 is divided by 408?
346
Calculate the remainder when 369 is divided by 53.
51
Calculate the remainder when 96 is divided by 23.
4
Calculate the remainder when 1493 is divided by 8.
5
What is the remainder when 557 is divided by 132?
29
Calculate the remainder when 962 is divided by 156.
26
What is the remainder when 7796 is divided by 23?
22
What is the remainder when 69 is divided by 45?
24
What is the remainder when 249 is divided by 67?
48
Calculate the remainder when 6686 is divided by 15.
11
What is the remainder when 799 is divided by 264?
7
What is the remainder when 1596 is divided by 523?
27
Calculate the remainder when 1641 is divided by 4.
1
Calculate the remainder when 534 is divided by 135.
129
What is the remainder when 9899 is divided by 36?
35
What is the remainder when 690 is divided by 21?
18
Calculate the remainder when 403 is divided by 136.
131
What is the remainder when 327 is divided by 10?
7
Calculate the remainder when 856 is divided by 175.
156
Calculate the remainder when 462 is divided by 115.
2
What is the remainder when 1905 is divided by 37?
18
What is the remainder when 2017 is divided by 97?
77
Calculate the remainder when 108 is divided by 7.
3
What is the remainder when 806 is divided by 89?
5
What is the remainder when 5279 is divided by 96?
95
What is the remainder when 249 is divided by 26?
15
What is the remainder when 1396 is divided by 461?
13
What is the remainder when 393 is divided by 130?
3
Calculate the remainder when 910 is divided by 153.
145
What is the remainder when 202 is divided by 53?
43
What is the remainder when 399 is divided by 191?
17
What is the remainder when 304 is divided by 78?
70
What is the remainder when 138 is divided by 18?
12
Calculate the remainder when 101 is divided by 56.
45
What is the remainder when 127 is divided by 43?
41
What is the remainder when 7844 is divided by 151?
143
What is the remainder when 108 is divided by 94?
14
What is the remainder when 289 is divided by 78?
55
What is the remainder when 2167 is divided by 33?
22
Calculate the remainder when 670 is divided by 112.
110
What is the remainder when 129 is divided by 60?
9
What is the remainder when 549 is divided by 25?
24
What is the remainder when 383 is divided by 75?
8
Calculate the remainder when 306 is divided by 68.
34
Calculate the remainder when 1853 is divided by 617.
2
What is the remainder when 78 is divided by 21?
15
Calculate the remainder when 218 is divided by 74.
70
Calculate the remainder when 508 is divided by 57.
52
Calculate the remainder when 611 is divided by 300.
11
Calculate the remainder when 4985 is divided by 86.
83
Calculate the remainder when 84 is divided by 67.
17
What is the remainder when 2267 is divided by 48?
11
Calculate the remainder when 78 is divided by 40.
38
Calculate the remainder when 691 is divided by 63.
61
What is the remainder when 12623 is divided by 16?
15
Calculate the remainder when 606 is divided by 119.
11
Calculate the remainder when 3134 is divided by 8.
6
Calculate the remainder when 90 is divided by 19.
14
What is the remainder when 8033 is divided by 28?
25
Calculate the remainder when 109 is divided by 3.
1
Calculate the remainder when 441 is divided by 37.
34
What is the remainder when 676 is divided by 126?
46
Calculate the remainder when 4946 is divided by 110.
106
What is the remainder when 270 is divided by 21?
18
Calculate the remainder when 3853 is divided by 349.
14
What is the remainder when 117 is divided by 26?
13
What is the remainder when 134 